e
Suppose 1 + 14 = 5*a. Suppose -4*z = -a*z - 5*z. Suppose 4*t - 2287 - 165 = z. Is t a prime number?
True
Let x = 62168 - -6969. Is x a composite number?
True
Is (4/18)/((-4656)/(-1054131786))*4*1 a prime number?
True
Let f be 5/7 - 368/(-112). Is (-44 + 46)/(f/17002) a composite number?
False
Let r = -57558 - -125629. Is r prime?
True
Let f(i) = 74*i**3 + 18*i - 7. Let s(r) = 148*r**3 + r**2 + 36*r - 14. Let k(n) = 5*f(n) - 2*s(n). Is k(3) composite?
False
Let x be -2 - 98/(-7) - 1. Is 3095 - (-12)/(-9)*(14 - x) a composite number?
True
Suppose -5*z + 7*z = 133898. Suppose -2*q + 4*b + 10413 = -34229, -b + z = 3*q. Is -4*3/18 + q/9 a composite number?
True
Suppose -14*z - 50 + 78 = 0. Suppose 6*t - 5*t = y - 1, 4*y = -z*t + 22. Is y prime?
False
Let p = 127 + -105. Let l be (p/4 - 7)*(-4)/(-2). Is 2991/l*(-2 - 3) composite?
True
Suppose 435*y = 430*y + 5965. Suppose 0 = v + 292 - y. Is v prime?
False
Let g(h) = 51*h**2 - 81*h + 4773. Is g(-114) a prime number?
False
Suppose -83*z + 265789 = -16*z. Is z a composite number?
False
Suppose -2*s - s = -2*n + 6, 3*s = n. Let g be (n/15)/(20/(-50)). Is 646 - ((-4)/1 - g) composite?
True
Is 73930*11 - 1/(-7)*(36 - 43) composite?
True
Let r(o) = o**2 - 11*o. Let z be r(0). Suppose 145610 = -z*x + 2*x. Is x a composite number?
True
Let b(h) = -978*h**2 + 2*h - 3. Let i be b(1). Let d = i + 5965. Suppose -21*g = -d - 71349. Is g a composite number?
True
Is (-24)/10 + 126/(-210) + 1*16676 a composite number?
False
Suppose -2*x = 10, 6*x = -2*t + 2*x + 32. Let o = t - 20. Suppose -5*g - 655 = -5*z, -3*z = g - o*g - 401. Is z prime?
True
Suppose -5*t + 4*z + 16 = 0, -15 = 3*t + 5*z + 5. Let j be t + (-1668)/(-4 - 0). Suppose -3*b + j = 60. Is b prime?
False
Suppose 15291 = 4*g + 2*o - 11519, -g = o - 6700. Let d = -982 + g. Is d composite?
True
Let f = 104905 - -13832. Suppose -13*s + 22*s = f. Is s a prime number?
False
Let a(t) = 18214*t**2 + 715*t + 4343. Is a(-6) composite?
False
Let s be ((-84)/(-63) + 8/(-6))/(-4). Suppose s = m - 1757 - 1626. Is m prime?
False
Let z(s) = 4*s**2 + 113*s - 1502. Is z(75) prime?
True
Let l(d) = -3*d**3 + 8*d**2 - 11*d + 8. Let f(s) = s**2 + s - 1. Let a(y) = -3*f(y) - l(y). Let x(r) = r**2 - 28*r - 48. Let p be x(30). Is a(p) a prime number?
True
Let y = -187906 + 281435. Is y a prime number?
True
Suppose 5*y + 735*q = 740*q + 94315, -2*y + 37698 = 5*q. Is y a prime number?
True
Suppose -168 = 21*x - 49*x. Suppose 2*p + x*s - 2*s - 2028 = 0, -2*s - 2040 = -2*p. Is p composite?
True
Let p(r) be the third derivative of r**7/504 - 11*r**6/720 - r**5/24 + 7*r**4/12 + 24*r**2. Let l(j) be the second derivative of p(j). Is l(-7) composite?
False
Suppose -4*q + 1694 = -5*j - 548, 5*q + 2*j - 2786 = 0. Suppose -g + 29 = -q. Is g prime?
True
Let v = 15850 - 1583. Is v composite?
True
Let b(z) = -z - 12*z**3 - 19 - 10*z + 8*z**3 + 5*z**3 - 6*z**2. Let a be b(15). Let y = a + 222. Is y prime?
True
Let h = -316085 - -564828. Is h composite?
True
Let v = -45737 + 259954. Is v a composite number?
True
Is 144/1120*-14 + (-733308)/(-10) a composite number?
True
Let n = 332 + -333. Let r(l) = -11114*l**3 + l**2 - 8*l - 9. Is r(n) a composite number?
True
Let g be (-4)/(-7) - 1629/21. Let z = g + 408. Is z prime?
True
Suppose c - 12 = -2*c, 3*c - 8984 = l. Let t be l/2 + (-8 + 5 - 1). Is (t/(-20))/((-1)/(-2)) composite?
False
Let f(a) = 0 + 1 - 2*a**2 + 17*a**3 + 19*a**3 - 6*a. Suppose -55*d + 20 = -50*d. Is f(d) prime?
False
Let x(n) = -2*n**3 + 55*n**2 - 35*n + 52. Let q be x(26). Let w = q - -107. Is w composite?
False
Let k be (-162084)/(-14) + 80/140. Suppose -k = 17*y - 88639. Is y composite?
True
Let y(j) = 149*j + 69. Suppose 38*s - 1152 = 2*s. Is y(s) prime?
False
Let a(o) = -5*o**2 + 3*o + 11. Let q(t) = -t**2 - 24 + 8*t - 15*t**2 + 56 + t. Let y(n) = -7*a(n) + 2*q(n). Is y(-10) a prime number?
True
Let y(n) = -n**3 + 23*n**2 + 4*n - 1. Let b be y(23). Suppose 4*x - 1095 + b = 0. Is x a prime number?
True
Suppose 7*i = 2*g + 3*g + 288926, -4*i = 2*g - 165086. Is i a composite number?
True
Let n = 311 - 319. Let g(s) = -1563*s + 35. Is g(n) composite?
False
Let w(y) = -1215*y - 139 + 80 + 88. Is w(-2) composite?
False
Let m = -20971 - -52614. Is m a composite number?
False
Let u(v) = -41*v**3 + 12*v**2 + 9*v - 1. Is u(-6) prime?
False
Let p be 4*3/4 - -17. Suppose p*w - 11014 = 18*w. Is w a composite number?
False
Let t be (-17 - -21)*6/8. Suppose -z = -t*y + 11978, -2*z + 3986 = y - z. Is y a composite number?
True
Let r be -3*10*(5 - 438/90). Let u(v) = 118*v**2 - 15*v + 2 + 1 + 12*v. Is u(r) a prime number?
False
Let k = 68 - 68. Suppose k = 2*s + 9257 - 38047. Is s a composite number?
True
Suppose k - 2125 - 650 = 0. Let y = 4356 - k. Let q = -588 + y. Is q a composite number?
True
Let q = -62 + 83. Suppose -27*v + q*v = -1710. Let b = v - -478. Is b prime?
False
Suppose 2*f + 32*f - 77545405 = -f. Is f composite?
False
Let g be (-70*(7 - -142))/(-1). Suppose -28*s + 14*s = -g. Is s a prime number?
False
Suppose -11*h - 195468 = -18*h. Is (h/260)/((-6)/(-5) - 1) a prime number?
False
Let x(t) = 2*t**3 - 14*t**2 + t + 4. Let u(c) = c - 1. Let m(k) = 2*u(k) + x(k). Let a be m(13). Suppose -46 = n - 3*j - 471, 5*n - j - a = 0. Is n composite?
True
Suppose 5*s = 5*x - 28 - 27, 5*x = -3*s - 1. Let z(l) = 26*l**2 + 11*l + 8. Let g be z(s). Let f = -720 + g. Is f a prime number?
False
Is -29038*7/(-28)*2 a prime number?
True
Let s = -308893 - -766430. Is s a composite number?
True
Let y(h) = 19*h**2 + 31*h - 103. Is y(-14) a composite number?
False
Suppose 30*h = 73814 + 395532 + 34264. Is h prime?
True
Let u = 255 - 307. Let o = u - -191. Is o prime?
True
Let z = 26963 + -15738. Suppose -26563 = -2*a - z. Is a prime?
True
Let n(b) = 2*b**3 + 12*b**2 - b + 9. Let a be n(-6). Suppose 0*x + a = x + 3*m, x - m = -1. Suppose w = 2*w - x*v - 404, -2*v - 405 = -w. Is w composite?
True
Let f(t) = 1147*t - 491. Is f(60) composite?
False
Suppose k + 2*y = -3*y + 25, -3*k = -4*y - 56. Suppose -k = -9*b + 25. Suppose -339 = -c - a + 293, 0 = b*a - 5. Is c prime?
True
Is (3310/20)/((-12)/(-1704)) prime?
False
Suppose -5*m - 12*m = 25*m - 5934054. Is m composite?
True
Suppose -7*c = -11*c - 12, 3*f - 2*c = 342. Let t = f + -124. Is (t/(-9))/((-3129)/(-3123) - 1) a prime number?
False
Let d(u) = 366*u**2 - 2*u + 3. Let s = 100 + -88. Suppose 5*p + s = -p. Is d(p) prime?
True
Let v = 42 + -40. Suppose -4311 = z + r, 0 = -v*z - 2*r + 5*r - 8622. Let y = 6146 + z. Is y composite?
True
Suppose -6604 = -4*n - 0*n. Let z = -2444 + n. Let p = -162 - z. Is p a prime number?
True
Suppose -5*o + 230 = -4*k, 3*k + 163 = -o - 19. Let g be -4*5/(k/(-21)) + -2. Let i(r) = -5*r + 44. Is i(g) prime?
True
Let w(m) = 2253*m**2 + m + 31. Is w(-11) composite?
True
Let h(m) = -4*m**3 + 5*m**2 - m + 13. Let u(c) = -5*c**3 + 6*c**2 - c + 13. Suppose 1 = x - 5. Let n(j) = x*h(j) - 5*u(j). Is n(6) composite?
False
Let x = -56 - -60. Suppose -x = -10*p + 26. Is 0 + p + 105 - 9/(-3) composite?
True
Suppose 4*m = 5*i + 13660, -5*i + 10272 = 3*m - 2*i. Suppose -2615 = -5*l + m. Is l composite?
True
Let r(s) = 44245*s - 753. Is r(10) prime?
True
Let l(a) = 187*a**2 + 180*a - 13. Is l(-15) prime?
False
Let l(s) = 696*s**2 - 116*s + 1054. Is l(10) a prime number?
False
Suppose -19*t = 2*t - 27342. Suppose 8*g - 434 = t. Is g a prime number?
False
Suppose 2*f = -2, -2*l + 0*f = 2*f + 3442. Let p = l + 3214. Is (26/3)/(12/p) prime?
False
Is ((-75)/(-20))/((-78)/(-383864)) composite?
True
Let k be (99/(-22))/(-3)*32/6. Let v(t) = 1006*t - 67. Is v(k) a prime number?
False
Suppose 3*s + 88715 = k, -45*k - 3*s - 266157 = -48*k. Is k a composite number?
False
Suppose -21219532 = -110*s - 4*s + 45153662. Is s prime?
True
Suppose -6 = 12*s - 15*s. Let v(b) = 1668*b**3 + 4*b - 2 + b**2 - b - s*b**2 + 813*b**3. Is v(1) a composite number?
True
Let y = -519855 - -912548. Is y a composite number?
True
Let l be ((-6)/12)/((-1)/4). Let q be (20/(-25))/(l/1745). Let g = 999 + q. Is g composite?
True
Let p be (-8)/22 - 78312/(-2761). Let n = -9 + 6. Is 2/(-8) - ((-20895)/p - n) composite?
False
Let p(t) = t**2 - 16*t + 2. Let k be p(16). Suppose 0 = k*f + 4, -76 = -l - 2*l + 2*f. Is (-8)/l + (-848)/(-6) composite?
True
Suppose 424*h = 